ate 26 - (9 + -26 - (-55 + 20)).
8
(6 + -1 - (0 + 4)) + -9 + -4
-12
Calculate -13 + 23 + 17 + -18.
9
Evaluate 6 + ((3 - (-12 + 19)) + -13 - -6).
-5
What is the value of -3 + 13 - (59 - 45)?
-4
Evaluate 10 + (-7 - -12) + (-4 - -1).
12
10 + 36 + -32 - 38
-24
What is the value of 6 - (7 + (38 - 3 - 14))?
-22
Calculate -48 - ((-1 - 4) + (19 - 33) + 9).
-38
What is -6 - (3 + -3 - (11 + -17))?
-12
Calculate -4 - (-2 + 4) - (17 + (27 - 44)).
-6
What is -6 - (-37 - -74) - -35?
-8
0 - (-8 - (0 - 8 - -8))
8
Calculate (-11 - -28) + -4 - (-1 + 6).
8
Calculate (-14 - 3 - -49) + -6.
26
Evaluate (3 - 4 - (3 + -1)) + 51 + -37.
11
What is (0 + -15 - -4 - -3) + 21?
13
What is (-2 - ((6 - -3) + -3)) + 11?
3
(-37 + 4 - -23) + 16
6
Calculate 20 + -11 + -33 + -5.
-29
What is the value of (26 + -6 - 18) + (-28 - (-9 - -4))?
-21
1 + (4 + (0 - 9) + 1 - 8)
-11
Evaluate -1 - (3 - 1) - (-47 + 48).
-4
Calculate (-7 - -1) + -4 + (12 - (0 - -7)).
-5
Calculate -233 + 226 + 10 + (1 - 1).
3
What is 4 + (-3 - ((-17 - -7) + 22))?
-11
What is (-11 + (5 - -3) - 5) + (2 - -12)?
6
What is -4 - (-15 + (7 - 8)) - -6?
18
-32 - ((26 - 85) + -4)
31
Calculate 4 + (-23 - (2 + -6 + -9 + 9)).
-15
What is the value of 10 + -12 - -30 - 12?
16
What is -5 + 0 + -1 + 71 + -80?
-15
What is -20 - (-10 + 9 + -11)?
-8
What is -17 + 0 + -8 + (-29 - -46) - 4?
-12
-12 - ((-10 - 2) + 2)
-2
What is 12 - (23 - 23) - (14 - 5)?
3
Evaluate (31 - -4) + (10 - 9) - (-7 - -14).
29
What is 11 - 4 - (8 + (-8 - -1) + 11)?
-5
What is the value of (-6 - (7 + (10 - 22))) + 30 + -2?
27
What is the value of -2 + 6 + 1 + (-18 - (-55 - -11))?
31
Calculate -6 - (-23 + 2) - (27 + -23).
11
What is the value of -1 + (-46 - -86) + -37?
2
Calculate -2 + (4 + 7 - -1) + 5.
15
What is -9 + -3 + (8 - (-6 - -14))?
-12
(10 - 7 - -5) + -3 + 4
9
-18 + -21 + -12 - -17
-34
Calculate (16 - (-10 - (-23 + 1))) + -2.
2
(3 - -1) + -9 + 2 + -7
-10
What is 10 + -12 - 11 - -11?
-2
-13 - -34 - -5 - 5
21
Evaluate 2 - (1 + 12 + -18 + 4 + 5).
-2
Evaluate -17 + -1 - ((63 - 71) + -14).
4
Evaluate -56 + 59 - (5 - 1 - 1) - -2.
2
What is (-7 + 8 - ((-4 - -4) + 1)) + 1?
1
Calculate 1 + -6 + 4 + 5 + 2 + -2.
4
Calculate (8 - 3) + (12 - (-12 - -38)).
-9
Calculate (-4 - 11) + (55 - 16).
24
Calculate -17 + 12 + -6 + 8 - (-8 - 3).
8
-17 + 1 - (7 + (0 - 11 - 2))
-10
-43 - -16 - (1 - 7)
-21
What is (3 - 3 - (-5 + 1)) + 2085 + -2107?
-18
What is the value of -7 + (11 - (-4 + 8 + -12))?
12
What is the value of -1 + 1 + 38 + -45?
-7
-5 - (11 + -17 - -7) - (-2 + -7)
3
What is the value of -2 + 8 + 7 + -3 + 3?
13
Calculate -28 + (-10 - -41) + -24.
-21
Calculate 424 + -424 - ((3 - 4) + 7 + -2).
-4
What is the value of (21 + -7 + -7 - 3) + -3?
1
(-10 - -5) + (-8 - -18) - -3
8
16 + (-30 - 6 - -45)
25
(-40 - -43 - (-1 + 11)) + 17
10
9 + 11 + -4 + -8
8
What is 12 + 1 + -6 + -7 + 13?
13
Evaluate 0 + -6 - (-21 + 14) - -9.
10
99 + -94 - (2 + 2)
1
What is 62 - 29 - 10 - 12?
11
What is 33 + -78 - -8 - -21?
-16
What is -38 - -34 - (-3 + -13)?
12
What is 3 - (4 - -2) - 0 - (2 + 20)?
-25
What is -14 - (-9 - (-9 - -12))?
-2
What is 15 - (19 - 7) - (11 - 22)?
14
What is -8 - (6 - 4 - -1)?
-11
Evaluate (-17 - (-7 + 16)) + 8 - (1 - -1).
-20
1 + 0 - 17 - (1309 - 1300)
-25
What is -1 + 12 + (5 - 48) + 34?
2
What is the value of (29 - (-19 - -13)) + -19?
16
What is the value of 11 + 33 + -39 + 3 + (13 - 3)?
18
72 + (-11 - (38 + -12))
35
What is the value of 13 - (-13 - (-19 + 5))?
12
4 + (2 + (1 - 7) - -13)
13
Calculate 5 - -24 - (16 - 1 - 2).
16
9 - (-1 - 14 - (-247 + 249))
26
What is 0 + (10 - (12 + -5)) + (0 - 2)?
1
Evaluate (4 - -3) + (5 - 10) + -15.
-13
-4 - (20 - (7 + 3) - (4 + -1))
-11
Calculate (34 - (20 - 3)) + -44.
-27
What is -18 + (10 - (7 + -8)) + (-4 - 1)?
-12
What is 7 + -1 - (-44 + 67)?
-17
What is -106 - -94 - (-2 + 7)?
-17
What is -52 - ((18 - 80) + 27)?
-17
What is (-3 - (2 - 9)) + 45 + -35?
14
-15 + 1 + (37 - 38 - 2)
-17
What is 4 + (-92 - -99 - (-2 + 2)) + -46?
-35
Calculate (-21 - -11 - -7) + 7 - (-3 - -4).
3
What is the value of 33 - 14 - (4 - -10)?
5
Evaluate -5 - ((-4 - 3) + (0 - -1)) - 11.
-10
Evaluate -3 + 2 + 7 + (38 - 49).
-5
Evaluate 0 - (0 - -5 - 3) - (77 + -90).
11
What is the value of -1 + (12 - (15 - 3))?
-1
Calculate (1 - 27) + 7 + 19.
0
What is 0 + -5 + (9 - 13) - 15?
-24
What is the value of -17 + 4 + 3 + 4 + -24?
-30
What is 12 - (7 - (-6 + 14) - -5)?
8
Evaluate (-91 - -36) + 64 + 3 + (1 - 1).
12
Evaluate -9 + 1 + (19 + -19 - -1 - 10).
-17
What is -27 - (7 + -28) - (-2 + -27)?
23
Calculate -5 + 49 - (-31 - -64).
11
What is (0 - -2 - 1) + -10 + 7 - 20?
-22
What is (16 - 16) + (0 - -2) + 6 + -13?
-5
-12 + -3 - (-12 - 1)
-2
What is the value of (-1 - 1) + 3 + 5 - (10 + -14)?
10
Calculate 96 + -47 - (40 + -11).
20
Evaluate (3 - 7) + -163 + 140.
-27
Calculate -5 + -7 + (-9 - -8).
-13
Evaluate 2 + -3 + -9 - (6 + (4 - 9)).
-11
Calculate (22 - 40) + 5 + -3 + -5.
-21
Evaluate 4 - (0 + -7) - (-2 - -10).
3
Evaluate -2 + 49 + -65 + (18 - 1).
-1
What is the value of -23 - -22 - (-1 + 1)?
-1
Calculate 8 + 11 + -10 + 0 - (11 + -13).
11
-11 + (24 + -5 + -3 - 11)
-6
What is the value of 8 + (-4 - 9 - (1 - (5 - 0)))?
-1
Evaluate 4 + -1 + 7 + -1.
9
(11 - 14) + -1 + -6
-10
-5 - -26 - (-4 - -10) - 8
7
What is -19 - (18 - 6) - -60?
29
What is 8 + -2 - ((-4 - 8) + 2)?
16
(14 - 40) + 16 - (-1 + (0 - -3))
-12
What is the value of -25 + 1 + (-787 - -809)?
-2
Calculate -1 - ((-19 - -12) + -7).
13
Calculate (26 - 15) + -22 + 3.
-8
What is the value of 2 - 7 - (-58 - (40 + -77))?
16
What is 8 + 36 + -15 + -16?
13
Calculate (12 - -1) + (-437 - -440).
16
What is 17 + 16 - 42 - -34?
25
What is the value of 9 - 13 - (2 - (-2 - (-5 + -12)))?
9
What is the value of -10 - ((-7 - -6 - -8) + -26)?
9
What is the value of -5 - -9 - (0 + -6 + 4 - -43)?
-37
What is the value of 5 - 0 - (-15 + (4 - -8))?
8
What is the value of -1 - (-20 - 5 - -13) - (5 - 1)?
7
Calculate 12 - (-7 - (-14 - 13)).
-8
Calculate -5 + (4 - (-1 - 0) - 7) + 13.
6
What is the value of (-1 - 5) + -9 + 12 + (12 - 17)?
-8
What is (13 - (35 + -24) - (3 - 0)) + 8?
7
What is 5 - (-3 - (9 - 14))?
3
Evaluate (14 + 5 - 8) + -5.
6
Calculate (2 - (-15 + 23)) + -2 - (5 + 2).
-15
What is the value of (6 - (-6 - ((0 - 7) + 6))) + -8?
3
Calculate (-3 + -1 + 3 - -1) + 162 + -157.
5
What is 60 + (55 - 113) - (0 - -17)?
-15
Evaluate (-243 - -244) + (2 - 22).
-19
What is 15 + (-7 - -31 - 31)?
8
Calculate 25 - 15 - 18 - -15.
7
Calculate (-6 - 0) + -18 + (8 - -4).
-12
-24 - -3 - (8 + 16 + -26)
-19
What is the value of 34 - (-2 - -50) - 13?
-27
Evaluate (-16 + 34 - 27) + (-2 - 3).
-14
What is (11 + 6 - 8 - 6) + 9?
12
What is the value of -10 - 7 - (-11 - -4) - 0?
-10
Calculate 21 - (17 - (-14 + -7)).
-17
What is the value of 7 + (-20 - -18 - 30)?
-25
Calculate -8 - (14 + -7 - (16 - (6 - 3))).
-2
What is 14 + (-21 - -13) - (0 - -5)?
1
Evaluate 7 - (7 - (-5 - (1 + -9 + 2))).
1
Calculate (-14 - -11) + 28 - 4.
21
-7 + 24 - 26 - ((6 - 5) + -3)
-7
What is the value of 2 + (-26 - -17) + 24?
17
Calculate (-5 + -10 - (0 + -10)) + (-10 - -2).
-13
Calculate (-3 - -6 - (5 - -5)) + -2.
-9
Evaluate -29 - -27 - (6 + (4 - 0)).
-12
What is the value of 2 - (102 + -98 + 5 + 1)?
-8
-5 + -1 + 7 + 11
12
What is -22 - -3 - (-13 + 5)?
-11
Evaluate (100 + -72 - (4 - 2)) + -4 + -7.
15
What is -64 + 54 + (18 - 0) - 8?
0
What is the value of (-6 - (-1 + 2 - (-4 - -5))) + 4?
-2
What is the value of 2 + -1 - (-11 + (13 - -4)) - 4?
-9
Evaluate (11 - -34 - 22) + -6.
17
What is -29 + 6 - (107 + -150)?
20
What is -6 + (-2 - (-4 - (-11 - -6)))?
-9
What is -1 - (1 + 5) - (13 + -11 - 3)?
-6
What is the value of -4 + (22 - (-2 + (1 - 3))) + -8?
14
14 - (-11 - -9 - -31)
-15
What is 2 + (-24 - -50) + -28?
0
Evaluate (4 - -4) + -15 + -7 + 0.
-14
Calculate -7 + (-8 + (0 - -10) - (2 + -25)).
18
Calculate -9 - (-9 - (-3 - (3 + -4))).
-2
What is (16 - 25) + 27 + (1 - 5)?
14
-78 + 77 + (-2 - -5) + -5 - 1
-4
Evaluate -2 + (4 + -2 - -5) + -5.
0
What is -5 - (-5 + -8 + (-5 - -5))?
8
Calculate -6 - 16 - -17 - -20.
15
-12 + 29 + -2 - (5 + 1)
9
What is the value of -58 - (-58 + 29 - 7)?
-22
What is the value of -5 - (-10 + 3 + 12 - -6)?
-16
Calculate -23 + 36 + -23 - (2 - -2).
-14
Evaluate -6 - 4 - (1 - ((0 - 4) + 0)).
-15
Evaluate 81 + -93 + 5 + 18.
11
Calculate -54 + 45 - (8 + -16 + 1